What is the thousands digit of 4041015?
1
What is the ten thousands digit of 612758?
1
What is the hundreds digit of 10329253?
2
What is the tens digit of 5518170?
7
What is the hundreds digit of 394559?
5
What is the tens digit of 6086252?
5
What is the millions digit of 2613479?
2
What is the hundreds digit of 25320692?
6
What is the tens digit of 235143?
4
What is the hundred thousands digit of 138459?
1
What is the ten thousands digit of 4199357?
9
What is the units digit of 206848?
8
What is the ten thousands digit of 1447575?
4
What is the units digit of 171210?
0
What is the ten millions digit of 17075628?
1
What is the tens digit of 744483?
8
What is the ten thousands digit of 113493?
1
What is the hundred thousands digit of 137359?
1
What is the millions digit of 1772822?
1
What is the ten thousands digit of 3806393?
0
What is the ten millions digit of 12102298?
1
What is the tens digit of 1080378?
7
What is the thousands digit of 260244?
0
What is the thousands digit of 795392?
5
What is the thousands digit of 21813?
1
What is the ten thousands digit of 5057054?
5
What is the tens digit of 233270?
7
What is the units digit of 11560849?
9
What is the hundreds digit of 3729304?
3
What is the tens digit of 391770?
7
What is the tens digit of 3548952?
5
What is the ten thousands digit of 16286038?
8
What is the units digit of 86002?
2
What is the tens digit of 18640601?
0
What is the tens digit of 2011678?
7
What is the hundred thousands digit of 1250617?
2
What is the hundreds digit of 3686838?
8
What is the hundreds digit of 266337?
3
What is the hundreds digit of 7600530?
5
What is the ten thousands digit of 80143?
8
What is the ten millions digit of 16112246?
1
What is the tens digit of 730440?
4
What is the hundreds digit of 38197?
1
What is the hundred thousands digit of 1148871?
1
What is the hundred thousands digit of 7169000?
1
What is the hundred thousands digit of 1369149?
3
What is the thousands digit of 408946?
8
What is the ten thousands digit of 658514?
5
What is the hundred thousands digit of 1732276?
7
What is the thousands digit of 426114?
6
What is the units digit of 2058748?
8
What is the units digit of 126765?
5
What is the ten thousands digit of 1009499?
0
What is the units digit of 165155?
5
What is the hundreds digit of 1471837?
8
What is the tens digit of 3859281?
8
What is the thousands digit of 6637383?
7
What is the ten thousands digit of 955633?
5
What is the thousands digit of 4936501?
6
What is the tens digit of 2438873?
7
What is the tens digit of 32112?
1
What is the millions digit of 16713612?
6
What is the tens digit of 147605?
0
What is the hundreds digit of 3931706?
7
What is the ten thousands digit of 207677?
0
What is the tens digit of 15447488?
8
What is the tens digit of 1389440?
4
What is the tens digit of 1158656?
5
What is the units digit of 165528?
8
What is the thousands digit of 3362114?
2
What is the tens digit of 283175?
7
What is the tens digit of 230454?
5
What is the hundred thousands digit of 16968881?
9
What is the hundreds digit of 10084479?
4
What is the hundred thousands digit of 433766?
4
What is the millions digit of 1765044?
1
What is the thousands digit of 464894?
4
What is the ten thousands digit of 49610?
4
What is the ten thousands digit of 193308?
9
What is the hundreds digit of 570020?
0
What is the millions digit of 4582376?
4
What is the units digit of 185810?
0
What is the units digit of 2931850?
0
What is the hundred thousands digit of 5127455?
1
What is the hundreds digit of 116007?
0
What is the units digit of 1209188?
8
What is the units digit of 37617?
7
What is the units digit of 490827?
7
What is the hundreds digit of 1556826?
8
What is the units digit of 828571?
1
What is the ten thousands digit of 72194?
7
What is the ten thousands digit of 8881700?
8
What is the hundreds digit of 24486537?
5
What is the tens digit of 3709753?
5
What is the units digit of 60037?
7
What is the tens digit of 472378?
7
What is the hundreds digit of 29084379?
3
What is the thousands digit of 164603?
4
What is the millions digit of 1209417?
1
What is the tens digit of 1813791?
9
What is the ten thousands digit of 92542?
9
What is the units digit of 750906?
6
What is the hundred thousands digit of 737810?
7
What is the units digit of 5809361?
1
What is the thousands digit of 1452024?
2
What is the hundreds digit of 4690372?
3
What is the hundreds digit of 4381235?
2
What is the hundred thousands digit of 279396?
2
What is the hundred thousands digit of 391892?
3
What is the ten millions digit of 19545094?
1
What is the thousands digit of 235569?
5
What is the units digit of 129622?
2
What is the thousands digit of 8907113?
7
What is the millions digit of 7176591?
7
What is the units digit of 1504?
4
What is the tens digit of 16517?
1
What is the units digit of 10217025?
5
What is the hundred thousands digit of 772370?
7
What is the units digit of 100288?
8
What is the ten thousands digit of 702453?
0
What is the units digit of 747852?
2
What is the units digit of 1046?
6
What is the hundreds digit of 67496?
4
What is the hundred thousands digit of 10123601?
1
What is the tens digit of 1298104?
0
What is the tens digit of 755161?
6
What is the thousands digit of 2304999?
4
What is the units digit of 4488629?
9
What is the hundreds digit of 51151?
1
What is the thousands digit of 4248054?
8
What is the hundred thousands digit of 1219294?
2
What is the thousands digit of 44362?
4
What is the thousands digit of 11433092?
3
What is the units digit of 7739372?
2
What is the hundred thousands digit of 22817990?
8
What is the hundred thousands digit of 6381731?
3
What is the thousands digit of 67164?
7
What is the millions digit of 1067408?
1
What is the hundred thousands digit of 12186432?
1
What is the hundreds digit of 31852?
8
What is the units digit of 1031861?
1
What is the tens digit of 963669?
6
What is the ten thousands digit of 20013716?
1
What is the hundred thousands digit of 25289978?
2
What is the tens digit of 21545964?
6
What is the hundred thousands digit of 20416052?
4
What is the ten thousands digit of 3920652?
2
What is the thousands digit of 64174?
4
What is the ten thousands digit of 63957?
6
What is the units digit of 4373053?
3
What is the units digit of 395213?
3
What is the hundred thousands digit of 1986866?
9
What is the millions digit of 17412761?
7
What is the millions digit of 1991008?
1
What is the tens digit of 7700372?
7
What is the hundred thousands digit of 2538709?
5
What is the ten millions digit of 12106720?
1
What is the thousands digit of 409532?
9
What is the tens digit of 103506?
0
What is the units digit of 5322976?
6
What is the hundred thousands digit of 612379?
6
What is the hundred thousands digit of 2106354?
1
What is the tens digit of 48933?
3
What is the thousands digit of 6784559?
4
What is the hundreds digit of 85875?
8
What is the thousands digit of 1027896?
7
What is the millions digit of 1290712?
1
What is the thousands digit of 898331?
8
What is the thousands digit of 324228?
4
What is the hundreds digit of 895673?
6
What is the thousands digit of 50610?
0
What is the thousands digit of 204989?
4
What is the units digit of 126695?
5
What is the units digit of 1780964?
4
What is the hundreds digit of 342982?
9
What is the ten thousands digit of 16412360?
1
What is the hundreds digit of 377447?
4
What is the ten millions digit of 10781060?
1
What is the thousands digit of 377213?
7
What is the thousands digit of 903625?
3
What is the hundreds digit of 14106065?
0
What is the tens digit of 4295225?
2
What is the ten thousands digit of 3848675?
4
What is the hundreds digit of 401590?
5
What is the thousands digit of 1572845?
2
What is the thousands digit of 613048?
3
What is the units digit of 1583033?
3
What is the millions digit of 3699078?
3
What is the millions digit of 8264897?
8
What is the units digit of 6216281?
1
What is the tens digit of 4162473?
7
What is the thousands digit of 164718?
4
What is the ten millions digit of 12584648?
1
What is the tens digit of 42599495?
9
What is the hundreds digit of 158924?
9
What is the hundreds digit of 209129?
1
What is the thousands digit of 33294?
3
What is the thousands digit of 32623